{"id":1048,"date":"2018-09-23T16:54:26","date_gmt":"2018-09-23T14:54:26","guid":{"rendered":"http:\/\/beauty-company-weyhe.de\/?page_id=1048"},"modified":"2018-09-29T20:01:20","modified_gmt":"2018-09-29T18:01:20","slug":"bdr-medical-beauty-concept","status":"publish","type":"page","link":"https:\/\/beauty-company-weyhe.de\/index.php\/bdr-medical-beauty-concept\/","title":{"rendered":"bdr Medical Beauty Concept"},"content":{"rendered":"<h2 style=\"text-align: center;\">bdr Medical Beauty Concept<\/h2>\n<p style=\"text-align: center;\"><em>\u00dcberzeugend. Sichtbar. Kompromisslos. Luxuri\u00f6s.<\/em><\/p>\n<p>&nbsp;<br \/>\nDas hochtechnologisierte Ger\u00e4te-System erm\u00f6glicht unz\u00e4hlige BEHANDLUNGSFORMEN. F\u00fcr jede Haut und jedes Alter individuell abgestimmt. Eine Synergie aus Technik und Dermazeutig. Die Kombination aus moderner, paramedizinischer Ger\u00e4tetechnologie und dermazeutischen Wirkstoffseren.<br \/>\n&nbsp;<br \/>\nDer optimale Erfolg zur Verbesserung Ihres Hautbildes tritt nach einer bdr-Behandlungskur von mindestens 6 Behandlungen ein. Ihre Haut wird sichtbar und sp\u00fcrbar ebenm\u00e4\u00dfiger, sch\u00f6ner und j\u00fcnger. Au\u00dferdem: Mit BDR kann jede Haut &#8211; auch die sensible, zu Allergien neigende Haut behandelt werden.<br \/>\n&nbsp;<br \/>\n<center> <div style=\"width: 960px;\" class=\"wp-video\"><video class=\"wp-video-shortcode\" id=\"video-1048-1\" width=\"960\" height=\"540\" preload=\"metadata\" controls=\"controls\"><source type=\"video\/mp4\" src=\"https:\/\/beauty-company-weyhe.de\/wp-content\/uploads\/2018\/09\/BDR_Vergleich.mp4?_=1\" \/><a href=\"https:\/\/beauty-company-weyhe.de\/wp-content\/uploads\/2018\/09\/BDR_Vergleich.mp4\">https:\/\/beauty-company-weyhe.de\/wp-content\/uploads\/2018\/09\/BDR_Vergleich.mp4<\/a><\/video><\/div><\/center><br \/>\n&nbsp;<br \/>\nBesonders geeignet ist bdr bei folgenden Hautproblemen:<\/p>\n<ul>\n<li>empfindlicher und immungeschw\u00e4chte Haut<\/li>\n<li>feuchtigkeitsarme, trockene Haut<\/li>\n<li>regenerationsbed\u00fcrftige, dicke Haut<\/li>\n<li>sonnengesch\u00e4digte, verhornte Haut<\/li>\n<li>unreine, fettige Haut<\/li>\n<li>Narben und Falten<\/li>\n<li>Gewebeschw\u00e4che<\/li>\n<\/ul>\n<p>&nbsp;<br \/>\nGerne beraten wir Sie in einem pers\u00f6nlichen Gespr\u00e4ch und erstellen mit Ihnen ein auf Ihre Haut abgestimmtes Konzept.<\/p>\n<hr \/>\n<p><img loading=\"lazy\" decoding=\"async\" class=\"alignleft size-thumbnail wp-image-472\" src=\"https:\/\/beauty-company-weyhe.de\/wp-content\/uploads\/2015\/07\/jessica_team-150x150.png\" alt=\"jessica_team\" width=\"150\" height=\"150\" srcset=\"https:\/\/beauty-company-weyhe.de\/wp-content\/uploads\/2015\/07\/jessica_team-150x150.png 150w, https:\/\/beauty-company-weyhe.de\/wp-content\/uploads\/2015\/07\/jessica_team.png 200w\" sizes=\"auto, (max-width: 150px) 100vw, 150px\" \/><br \/>\n<strong>Ihre Ansprechpartnerin:<\/strong><br \/>\nJessica Ryberg<\/p>\n<p><a href=\"mailto:info@beauty-company-weyhe.de\">info@beauty-company-weyhe.de<\/a><\/p>\n","protected":false},"excerpt":{"rendered":"<p>bdr Medical Beauty Concept \u00dcberzeugend. Sichtbar. Kompromisslos. Luxuri\u00f6s. &nbsp; Das hochtechnologisierte Ger\u00e4te-System erm\u00f6glicht unz\u00e4hlige BEHANDLUNGSFORMEN. F\u00fcr jede Haut und jedes Alter individuell abgestimmt. Eine Synergie aus Technik und Dermazeutig. Die Kombination aus moderner, paramedizinischer Ger\u00e4tetechnologie und dermazeutischen Wirkstoffseren. &nbsp; Der optimale Erfolg zur Verbesserung Ihres Hautbildes tritt nach einer bdr-Behandlungskur von mindestens 6 Behandlungen ein. [&hellip;]<\/p>\n","protected":false},"author":1,"featured_media":0,"parent":0,"menu_order":0,"comment_status":"closed","ping_status":"closed","template":"","meta":{"jetpack_post_was_ever_published":false,"footnotes":""},"class_list":["post-1048","page","type-page","status-publish","czr-hentry"],"yoast_head":"<!-- This site is optimized with the Yoast SEO plugin v27.0 - https:\/\/yoast.com\/product\/yoast-seo-wordpress\/ -->\n<title>bdr Medical Beauty Concept - Beauty Company Weyhe<\/title>\n<meta name=\"robots\" content=\"index, follow, max-snippet:-1, max-image-preview:large, max-video-preview:-1\" \/>\n<link rel=\"canonical\" href=\"https:\/\/beauty-company-weyhe.de\/index.php\/bdr-medical-beauty-concept\/\" \/>\n<meta property=\"og:locale\" content=\"de_DE\" \/>\n<meta property=\"og:type\" content=\"article\" \/>\n<meta property=\"og:title\" content=\"bdr Medical Beauty Concept - Beauty Company Weyhe\" \/>\n<meta property=\"og:description\" content=\"bdr Medical Beauty Concept \u00dcberzeugend. Sichtbar. Kompromisslos. Luxuri\u00f6s. &nbsp; Das hochtechnologisierte Ger\u00e4te-System erm\u00f6glicht unz\u00e4hlige BEHANDLUNGSFORMEN. F\u00fcr jede Haut und jedes Alter individuell abgestimmt. Eine Synergie aus Technik und Dermazeutig. Die Kombination aus moderner, paramedizinischer Ger\u00e4tetechnologie und dermazeutischen Wirkstoffseren. &nbsp; Der optimale Erfolg zur Verbesserung Ihres Hautbildes tritt nach einer bdr-Behandlungskur von mindestens 6 Behandlungen ein. [&hellip;]\" \/>\n<meta property=\"og:url\" content=\"https:\/\/beauty-company-weyhe.de\/index.php\/bdr-medical-beauty-concept\/\" \/>\n<meta property=\"og:site_name\" content=\"Beauty Company Weyhe\" \/>\n<meta property=\"article:publisher\" content=\"https:\/\/www.facebook.com\/beautycompanyweyhe\/\" \/>\n<meta property=\"article:modified_time\" content=\"2018-09-29T18:01:20+00:00\" \/>\n<meta property=\"og:image\" content=\"https:\/\/beauty-company-weyhe.de\/wp-content\/uploads\/2015\/07\/jessica_team-150x150.png\" \/>\n<meta name=\"twitter:card\" content=\"summary_large_image\" \/>\n<meta name=\"twitter:label1\" content=\"Gesch\u00e4tzte Lesezeit\" \/>\n\t<meta name=\"twitter:data1\" content=\"1\u00a0Minute\" \/>\n<script type=\"application\/ld+json\" class=\"yoast-schema-graph\">{\"@context\":\"https:\/\/schema.org\",\"@graph\":[{\"@type\":\"WebPage\",\"@id\":\"https:\/\/beauty-company-weyhe.de\/index.php\/bdr-medical-beauty-concept\/\",\"url\":\"https:\/\/beauty-company-weyhe.de\/index.php\/bdr-medical-beauty-concept\/\",\"name\":\"bdr Medical Beauty Concept - Beauty Company Weyhe\",\"isPartOf\":{\"@id\":\"https:\/\/beauty-company-weyhe.de\/#website\"},\"primaryImageOfPage\":{\"@id\":\"https:\/\/beauty-company-weyhe.de\/index.php\/bdr-medical-beauty-concept\/#primaryimage\"},\"image\":{\"@id\":\"https:\/\/beauty-company-weyhe.de\/index.php\/bdr-medical-beauty-concept\/#primaryimage\"},\"thumbnailUrl\":\"https:\/\/beauty-company-weyhe.de\/wp-content\/uploads\/2015\/07\/jessica_team-150x150.png\",\"datePublished\":\"2018-09-23T14:54:26+00:00\",\"dateModified\":\"2018-09-29T18:01:20+00:00\",\"breadcrumb\":{\"@id\":\"https:\/\/beauty-company-weyhe.de\/index.php\/bdr-medical-beauty-concept\/#breadcrumb\"},\"inLanguage\":\"de\",\"potentialAction\":[{\"@type\":\"ReadAction\",\"target\":[\"https:\/\/beauty-company-weyhe.de\/index.php\/bdr-medical-beauty-concept\/\"]}]},{\"@type\":\"ImageObject\",\"inLanguage\":\"de\",\"@id\":\"https:\/\/beauty-company-weyhe.de\/index.php\/bdr-medical-beauty-concept\/#primaryimage\",\"url\":\"https:\/\/beauty-company-weyhe.de\/wp-content\/uploads\/2015\/07\/jessica_team.png\",\"contentUrl\":\"https:\/\/beauty-company-weyhe.de\/wp-content\/uploads\/2015\/07\/jessica_team.png\",\"width\":200,\"height\":200},{\"@type\":\"BreadcrumbList\",\"@id\":\"https:\/\/beauty-company-weyhe.de\/index.php\/bdr-medical-beauty-concept\/#breadcrumb\",\"itemListElement\":[{\"@type\":\"ListItem\",\"position\":1,\"name\":\"Startseite\",\"item\":\"https:\/\/beauty-company-weyhe.de\/\"},{\"@type\":\"ListItem\",\"position\":2,\"name\":\"bdr Medical Beauty Concept\"}]},{\"@type\":\"WebSite\",\"@id\":\"https:\/\/beauty-company-weyhe.de\/#website\",\"url\":\"https:\/\/beauty-company-weyhe.de\/\",\"name\":\"Beauty Company Weyhe\",\"description\":\"Ob Falten, unreine Haut oder Narbengewebe, die intensive Pflege, Heilung und Gesunderhaltung Ihrer Haut ist unser Spezialgebiet.\",\"publisher\":{\"@id\":\"https:\/\/beauty-company-weyhe.de\/#organization\"},\"potentialAction\":[{\"@type\":\"SearchAction\",\"target\":{\"@type\":\"EntryPoint\",\"urlTemplate\":\"https:\/\/beauty-company-weyhe.de\/?s={search_term_string}\"},\"query-input\":{\"@type\":\"PropertyValueSpecification\",\"valueRequired\":true,\"valueName\":\"search_term_string\"}}],\"inLanguage\":\"de\"},{\"@type\":\"Organization\",\"@id\":\"https:\/\/beauty-company-weyhe.de\/#organization\",\"name\":\"Beauty Company Weyhe\",\"url\":\"https:\/\/beauty-company-weyhe.de\/\",\"logo\":{\"@type\":\"ImageObject\",\"inLanguage\":\"de\",\"@id\":\"https:\/\/beauty-company-weyhe.de\/#\/schema\/logo\/image\/\",\"url\":\"https:\/\/beauty-company-weyhe.de\/wp-content\/uploads\/2016\/07\/cropped-BCW_Facebook_2.png\",\"contentUrl\":\"https:\/\/beauty-company-weyhe.de\/wp-content\/uploads\/2016\/07\/cropped-BCW_Facebook_2.png\",\"width\":512,\"height\":512,\"caption\":\"Beauty Company Weyhe\"},\"image\":{\"@id\":\"https:\/\/beauty-company-weyhe.de\/#\/schema\/logo\/image\/\"},\"sameAs\":[\"https:\/\/www.facebook.com\/beautycompanyweyhe\/\"]}]}<\/script>\n<!-- \/ Yoast SEO plugin. -->","yoast_head_json":{"title":"bdr Medical Beauty Concept - Beauty Company Weyhe","robots":{"index":"index","follow":"follow","max-snippet":"max-snippet:-1","max-image-preview":"max-image-preview:large","max-video-preview":"max-video-preview:-1"},"canonical":"https:\/\/beauty-company-weyhe.de\/index.php\/bdr-medical-beauty-concept\/","og_locale":"de_DE","og_type":"article","og_title":"bdr Medical Beauty Concept - Beauty Company Weyhe","og_description":"bdr Medical Beauty Concept \u00dcberzeugend. Sichtbar. Kompromisslos. Luxuri\u00f6s. &nbsp; Das hochtechnologisierte Ger\u00e4te-System erm\u00f6glicht unz\u00e4hlige BEHANDLUNGSFORMEN. F\u00fcr jede Haut und jedes Alter individuell abgestimmt. Eine Synergie aus Technik und Dermazeutig. Die Kombination aus moderner, paramedizinischer Ger\u00e4tetechnologie und dermazeutischen Wirkstoffseren. &nbsp; Der optimale Erfolg zur Verbesserung Ihres Hautbildes tritt nach einer bdr-Behandlungskur von mindestens 6 Behandlungen ein. [&hellip;]","og_url":"https:\/\/beauty-company-weyhe.de\/index.php\/bdr-medical-beauty-concept\/","og_site_name":"Beauty Company Weyhe","article_publisher":"https:\/\/www.facebook.com\/beautycompanyweyhe\/","article_modified_time":"2018-09-29T18:01:20+00:00","og_image":[{"url":"https:\/\/beauty-company-weyhe.de\/wp-content\/uploads\/2015\/07\/jessica_team-150x150.png","type":"","width":"","height":""}],"twitter_card":"summary_large_image","twitter_misc":{"Gesch\u00e4tzte Lesezeit":"1\u00a0Minute"},"schema":{"@context":"https:\/\/schema.org","@graph":[{"@type":"WebPage","@id":"https:\/\/beauty-company-weyhe.de\/index.php\/bdr-medical-beauty-concept\/","url":"https:\/\/beauty-company-weyhe.de\/index.php\/bdr-medical-beauty-concept\/","name":"bdr Medical Beauty Concept - Beauty Company Weyhe","isPartOf":{"@id":"https:\/\/beauty-company-weyhe.de\/#website"},"primaryImageOfPage":{"@id":"https:\/\/beauty-company-weyhe.de\/index.php\/bdr-medical-beauty-concept\/#primaryimage"},"image":{"@id":"https:\/\/beauty-company-weyhe.de\/index.php\/bdr-medical-beauty-concept\/#primaryimage"},"thumbnailUrl":"https:\/\/beauty-company-weyhe.de\/wp-content\/uploads\/2015\/07\/jessica_team-150x150.png","datePublished":"2018-09-23T14:54:26+00:00","dateModified":"2018-09-29T18:01:20+00:00","breadcrumb":{"@id":"https:\/\/beauty-company-weyhe.de\/index.php\/bdr-medical-beauty-concept\/#breadcrumb"},"inLanguage":"de","potentialAction":[{"@type":"ReadAction","target":["https:\/\/beauty-company-weyhe.de\/index.php\/bdr-medical-beauty-concept\/"]}]},{"@type":"ImageObject","inLanguage":"de","@id":"https:\/\/beauty-company-weyhe.de\/index.php\/bdr-medical-beauty-concept\/#primaryimage","url":"https:\/\/beauty-company-weyhe.de\/wp-content\/uploads\/2015\/07\/jessica_team.png","contentUrl":"https:\/\/beauty-company-weyhe.de\/wp-content\/uploads\/2015\/07\/jessica_team.png","width":200,"height":200},{"@type":"BreadcrumbList","@id":"https:\/\/beauty-company-weyhe.de\/index.php\/bdr-medical-beauty-concept\/#breadcrumb","itemListElement":[{"@type":"ListItem","position":1,"name":"Startseite","item":"https:\/\/beauty-company-weyhe.de\/"},{"@type":"ListItem","position":2,"name":"bdr Medical Beauty Concept"}]},{"@type":"WebSite","@id":"https:\/\/beauty-company-weyhe.de\/#website","url":"https:\/\/beauty-company-weyhe.de\/","name":"Beauty Company Weyhe","description":"Ob Falten, unreine Haut oder Narbengewebe, die intensive Pflege, Heilung und Gesunderhaltung Ihrer Haut ist unser Spezialgebiet.","publisher":{"@id":"https:\/\/beauty-company-weyhe.de\/#organization"},"potentialAction":[{"@type":"SearchAction","target":{"@type":"EntryPoint","urlTemplate":"https:\/\/beauty-company-weyhe.de\/?s={search_term_string}"},"query-input":{"@type":"PropertyValueSpecification","valueRequired":true,"valueName":"search_term_string"}}],"inLanguage":"de"},{"@type":"Organization","@id":"https:\/\/beauty-company-weyhe.de\/#organization","name":"Beauty Company Weyhe","url":"https:\/\/beauty-company-weyhe.de\/","logo":{"@type":"ImageObject","inLanguage":"de","@id":"https:\/\/beauty-company-weyhe.de\/#\/schema\/logo\/image\/","url":"https:\/\/beauty-company-weyhe.de\/wp-content\/uploads\/2016\/07\/cropped-BCW_Facebook_2.png","contentUrl":"https:\/\/beauty-company-weyhe.de\/wp-content\/uploads\/2016\/07\/cropped-BCW_Facebook_2.png","width":512,"height":512,"caption":"Beauty Company Weyhe"},"image":{"@id":"https:\/\/beauty-company-weyhe.de\/#\/schema\/logo\/image\/"},"sameAs":["https:\/\/www.facebook.com\/beautycompanyweyhe\/"]}]}},"jetpack_sharing_enabled":true,"jetpack_shortlink":"https:\/\/wp.me\/P6t8sO-gU","_links":{"self":[{"href":"https:\/\/beauty-company-weyhe.de\/index.php\/wp-json\/wp\/v2\/pages\/1048","targetHints":{"allow":["GET"]}}],"collection":[{"href":"https:\/\/beauty-company-weyhe.de\/index.php\/wp-json\/wp\/v2\/pages"}],"about":[{"href":"https:\/\/beauty-company-weyhe.de\/index.php\/wp-json\/wp\/v2\/types\/page"}],"author":[{"embeddable":true,"href":"https:\/\/beauty-company-weyhe.de\/index.php\/wp-json\/wp\/v2\/users\/1"}],"replies":[{"embeddable":true,"href":"https:\/\/beauty-company-weyhe.de\/index.php\/wp-json\/wp\/v2\/comments?post=1048"}],"version-history":[{"count":14,"href":"https:\/\/beauty-company-weyhe.de\/index.php\/wp-json\/wp\/v2\/pages\/1048\/revisions"}],"predecessor-version":[{"id":1074,"href":"https:\/\/beauty-company-weyhe.de\/index.php\/wp-json\/wp\/v2\/pages\/1048\/revisions\/1074"}],"wp:attachment":[{"href":"https:\/\/beauty-company-weyhe.de\/index.php\/wp-json\/wp\/v2\/media?parent=1048"}],"curies":[{"name":"wp","href":"https:\/\/api.w.org\/{rel}","templated":true}]}}