{"id":1496,"date":"2023-09-18T12:23:04","date_gmt":"2023-09-18T10:23:04","guid":{"rendered":"https:\/\/beauty-company-weyhe.de\/?page_id=1496"},"modified":"2023-09-18T21:30:17","modified_gmt":"2023-09-18T19:30:17","slug":"kruuthex","status":"publish","type":"page","link":"https:\/\/beauty-company-weyhe.de\/index.php\/kruuthex\/","title":{"rendered":"Kruuthex"},"content":{"rendered":"<h2>Sch\u00f6nheit, Heilkr\u00e4uter und Edelsteine \u2013 Ein harmonisches Zusammenspiel f\u00fcr strahlendes Aussehen<\/h2>\n<p>&nbsp;<\/p>\n<p>Ein gesunder, strahlender Teint ist ein Ziel, das viele Menschen anstreben. Neben einer ausgewogenen Ern\u00e4hrung und einer effektiven Hautpflegeroutine spielt auch die innere Balance eine entscheidende Rolle. In diesem Zusammenhang spielt Wasser eine wichtige Rolle, um die Haut von innen heraus zu unterst\u00fctzen. Doch wie k\u00f6nnen Heilkr\u00e4uter und sogar Heilsteine dazu beitragen, die Hautgesundheit zu verbessern?<\/p>\n<p>&nbsp;<\/p>\n<p>Wasser ist f\u00fcr unseren K\u00f6rper und unsere Haut unverzichtbar. Kombiniert man Wasser mit den richtigen Heilkr\u00e4utern, kann dies die Wirkung noch verst\u00e4rken.<\/p>\n<p>&nbsp;<\/p>\n<p>Heilkr\u00e4uter wie Kamille, Ringelblume und Lavendel sind bekannt f\u00fcr ihre hautberuhigenden Eigenschaften. Durch ihre entz\u00fcndungshemmenden und antioxidativen Eigenschaften k\u00f6nnen sie helfen, R\u00f6tungen und Reizungen zu lindern. Das Aufbr\u00fchen dieser Kr\u00e4uter zu einem beruhigenden Tee und das Trinken davon kann nicht nur von innen wirken, sondern auch \u00e4u\u00dferlich angewendet werden, um die Haut zu pflegen und zu beruhigen.<\/p>\n<p>&nbsp;<\/p>\n<p>Dar\u00fcber hinaus k\u00f6nnen Heilsteine eine wertvolle Erg\u00e4nzung sein, um die Hautgesundheit zu f\u00f6rdern. Einige Heilsteine, die f\u00fcr ihre positive Wirkung auf die Haut bekannt sind, sind Rosenquarz, Amethyst und Aventurin. Rosenquarz wird oft als Stein der Liebe und des Wohlbefindens angesehen und kann helfen, die Haut zu beruhigen und das Erscheinungsbild feiner Linien und F\u00e4ltchen zu verbessern. Amethyst besitzt reinigende Eigenschaften und kann Unreinheiten reduzieren. Aventurin wird mit Gl\u00fcck und Heilung in Verbindung gebracht und kann das Hautbild kl\u00e4ren und verfeinern.<\/p>\n<p>&nbsp;<\/p>\n<p>Diesen ganzheitlichen Ansatz verfolgen die Beauty Company Weyhe und die Kruuthex Manufaktur im Rahmen einer bislang einzigartigen, innovativen Kooperation: Medizinische Intensivkosmetik wird unterst\u00fctzt durch Edelsteinwasser, Detox-Teemischungen und auf die pers\u00f6nlichen Ziele abgestimmtes R\u00e4ucherwerk.<\/p>\n<p>&nbsp;<\/p>\n<p>Speziell auf die pers\u00f6nlichen Bed\u00fcrfnisse angepasst, denn Dein K\u00f6rper ist genauso individuell wie Deine Pers\u00f6nlichkeit!<\/p>\n<hr \/>\n<p><img loading=\"lazy\" decoding=\"async\" class=\"alignleft wp-image-1494 size-thumbnail\" src=\"https:\/\/beauty-company-weyhe.de\/wp-content\/uploads\/2023\/09\/kruuthex-150x140.jpg\" alt=\"\" width=\"150\" height=\"140\" \/><br \/>\n<strong>Ihre Ansprechpartnerin:<\/strong><br \/>\nJuliane Reichard<\/p>\n<p><a href=\"http:\/\/www.kruuthex.com\/\">http:\/\/www.kruuthex.com\/<\/a><\/p>\n","protected":false},"excerpt":{"rendered":"<p>Sch\u00f6nheit, Heilkr\u00e4uter und Edelsteine \u2013 Ein harmonisches Zusammenspiel f\u00fcr strahlendes Aussehen &nbsp; Ein gesunder, strahlender Teint ist ein Ziel, das viele Menschen anstreben. Neben einer ausgewogenen Ern\u00e4hrung und einer effektiven Hautpflegeroutine spielt auch die innere Balance eine entscheidende Rolle. In diesem Zusammenhang spielt Wasser eine wichtige Rolle, um die Haut von innen heraus zu unterst\u00fctzen. [&hellip;]<\/p>\n","protected":false},"author":1,"featured_media":0,"parent":0,"menu_order":0,"comment_status":"closed","ping_status":"closed","template":"","meta":{"jetpack_post_was_ever_published":false,"footnotes":""},"class_list":["post-1496","page","type-page","status-publish","czr-hentry"],"yoast_head":"<!-- This site is optimized with the Yoast SEO plugin v27.0 - https:\/\/yoast.com\/product\/yoast-seo-wordpress\/ -->\n<title>Kruuthex - Beauty Company Weyhe<\/title>\n<meta name=\"robots\" content=\"index, follow, max-snippet:-1, max-image-preview:large, max-video-preview:-1\" \/>\n<link rel=\"canonical\" href=\"https:\/\/beauty-company-weyhe.de\/index.php\/kruuthex\/\" \/>\n<meta property=\"og:locale\" content=\"de_DE\" \/>\n<meta property=\"og:type\" content=\"article\" \/>\n<meta property=\"og:title\" content=\"Kruuthex - Beauty Company Weyhe\" \/>\n<meta property=\"og:description\" content=\"Sch\u00f6nheit, Heilkr\u00e4uter und Edelsteine \u2013 Ein harmonisches Zusammenspiel f\u00fcr strahlendes Aussehen &nbsp; Ein gesunder, strahlender Teint ist ein Ziel, das viele Menschen anstreben. Neben einer ausgewogenen Ern\u00e4hrung und einer effektiven Hautpflegeroutine spielt auch die innere Balance eine entscheidende Rolle. In diesem Zusammenhang spielt Wasser eine wichtige Rolle, um die Haut von innen heraus zu unterst\u00fctzen. [&hellip;]\" \/>\n<meta property=\"og:url\" content=\"https:\/\/beauty-company-weyhe.de\/index.php\/kruuthex\/\" \/>\n<meta property=\"og:site_name\" content=\"Beauty Company Weyhe\" \/>\n<meta property=\"article:publisher\" content=\"https:\/\/www.facebook.com\/beautycompanyweyhe\/\" \/>\n<meta property=\"article:modified_time\" content=\"2023-09-18T19:30:17+00:00\" \/>\n<meta property=\"og:image\" content=\"https:\/\/beauty-company-weyhe.de\/wp-content\/uploads\/2023\/09\/kruuthex-150x140.jpg\" \/>\n<meta name=\"twitter:card\" content=\"summary_large_image\" \/>\n<meta name=\"twitter:label1\" content=\"Gesch\u00e4tzte Lesezeit\" \/>\n\t<meta name=\"twitter:data1\" content=\"2\u00a0Minuten\" \/>\n<script type=\"application\/ld+json\" class=\"yoast-schema-graph\">{\"@context\":\"https:\/\/schema.org\",\"@graph\":[{\"@type\":\"WebPage\",\"@id\":\"https:\/\/beauty-company-weyhe.de\/index.php\/kruuthex\/\",\"url\":\"https:\/\/beauty-company-weyhe.de\/index.php\/kruuthex\/\",\"name\":\"Kruuthex - Beauty Company Weyhe\",\"isPartOf\":{\"@id\":\"https:\/\/beauty-company-weyhe.de\/#website\"},\"primaryImageOfPage\":{\"@id\":\"https:\/\/beauty-company-weyhe.de\/index.php\/kruuthex\/#primaryimage\"},\"image\":{\"@id\":\"https:\/\/beauty-company-weyhe.de\/index.php\/kruuthex\/#primaryimage\"},\"thumbnailUrl\":\"https:\/\/beauty-company-weyhe.de\/wp-content\/uploads\/2023\/09\/kruuthex-150x140.jpg\",\"datePublished\":\"2023-09-18T10:23:04+00:00\",\"dateModified\":\"2023-09-18T19:30:17+00:00\",\"breadcrumb\":{\"@id\":\"https:\/\/beauty-company-weyhe.de\/index.php\/kruuthex\/#breadcrumb\"},\"inLanguage\":\"de\",\"potentialAction\":[{\"@type\":\"ReadAction\",\"target\":[\"https:\/\/beauty-company-weyhe.de\/index.php\/kruuthex\/\"]}]},{\"@type\":\"ImageObject\",\"inLanguage\":\"de\",\"@id\":\"https:\/\/beauty-company-weyhe.de\/index.php\/kruuthex\/#primaryimage\",\"url\":\"https:\/\/beauty-company-weyhe.de\/wp-content\/uploads\/2023\/09\/kruuthex.jpg\",\"contentUrl\":\"https:\/\/beauty-company-weyhe.de\/wp-content\/uploads\/2023\/09\/kruuthex.jpg\",\"width\":200,\"height\":140},{\"@type\":\"BreadcrumbList\",\"@id\":\"https:\/\/beauty-company-weyhe.de\/index.php\/kruuthex\/#breadcrumb\",\"itemListElement\":[{\"@type\":\"ListItem\",\"position\":1,\"name\":\"Startseite\",\"item\":\"https:\/\/beauty-company-weyhe.de\/\"},{\"@type\":\"ListItem\",\"position\":2,\"name\":\"Kruuthex\"}]},{\"@type\":\"WebSite\",\"@id\":\"https:\/\/beauty-company-weyhe.de\/#website\",\"url\":\"https:\/\/beauty-company-weyhe.de\/\",\"name\":\"Beauty Company Weyhe\",\"description\":\"Ob Falten, unreine Haut oder Narbengewebe, die intensive Pflege, Heilung und Gesunderhaltung Ihrer Haut ist unser Spezialgebiet.\",\"publisher\":{\"@id\":\"https:\/\/beauty-company-weyhe.de\/#organization\"},\"potentialAction\":[{\"@type\":\"SearchAction\",\"target\":{\"@type\":\"EntryPoint\",\"urlTemplate\":\"https:\/\/beauty-company-weyhe.de\/?s={search_term_string}\"},\"query-input\":{\"@type\":\"PropertyValueSpecification\",\"valueRequired\":true,\"valueName\":\"search_term_string\"}}],\"inLanguage\":\"de\"},{\"@type\":\"Organization\",\"@id\":\"https:\/\/beauty-company-weyhe.de\/#organization\",\"name\":\"Beauty Company Weyhe\",\"url\":\"https:\/\/beauty-company-weyhe.de\/\",\"logo\":{\"@type\":\"ImageObject\",\"inLanguage\":\"de\",\"@id\":\"https:\/\/beauty-company-weyhe.de\/#\/schema\/logo\/image\/\",\"url\":\"https:\/\/beauty-company-weyhe.de\/wp-content\/uploads\/2016\/07\/cropped-BCW_Facebook_2.png\",\"contentUrl\":\"https:\/\/beauty-company-weyhe.de\/wp-content\/uploads\/2016\/07\/cropped-BCW_Facebook_2.png\",\"width\":512,\"height\":512,\"caption\":\"Beauty Company Weyhe\"},\"image\":{\"@id\":\"https:\/\/beauty-company-weyhe.de\/#\/schema\/logo\/image\/\"},\"sameAs\":[\"https:\/\/www.facebook.com\/beautycompanyweyhe\/\"]}]}<\/script>\n<!-- \/ Yoast SEO plugin. -->","yoast_head_json":{"title":"Kruuthex - Beauty Company Weyhe","robots":{"index":"index","follow":"follow","max-snippet":"max-snippet:-1","max-image-preview":"max-image-preview:large","max-video-preview":"max-video-preview:-1"},"canonical":"https:\/\/beauty-company-weyhe.de\/index.php\/kruuthex\/","og_locale":"de_DE","og_type":"article","og_title":"Kruuthex - Beauty Company Weyhe","og_description":"Sch\u00f6nheit, Heilkr\u00e4uter und Edelsteine \u2013 Ein harmonisches Zusammenspiel f\u00fcr strahlendes Aussehen &nbsp; Ein gesunder, strahlender Teint ist ein Ziel, das viele Menschen anstreben. Neben einer ausgewogenen Ern\u00e4hrung und einer effektiven Hautpflegeroutine spielt auch die innere Balance eine entscheidende Rolle. In diesem Zusammenhang spielt Wasser eine wichtige Rolle, um die Haut von innen heraus zu unterst\u00fctzen. [&hellip;]","og_url":"https:\/\/beauty-company-weyhe.de\/index.php\/kruuthex\/","og_site_name":"Beauty Company Weyhe","article_publisher":"https:\/\/www.facebook.com\/beautycompanyweyhe\/","article_modified_time":"2023-09-18T19:30:17+00:00","og_image":[{"url":"https:\/\/beauty-company-weyhe.de\/wp-content\/uploads\/2023\/09\/kruuthex-150x140.jpg","type":"","width":"","height":""}],"twitter_card":"summary_large_image","twitter_misc":{"Gesch\u00e4tzte Lesezeit":"2\u00a0Minuten"},"schema":{"@context":"https:\/\/schema.org","@graph":[{"@type":"WebPage","@id":"https:\/\/beauty-company-weyhe.de\/index.php\/kruuthex\/","url":"https:\/\/beauty-company-weyhe.de\/index.php\/kruuthex\/","name":"Kruuthex - Beauty Company Weyhe","isPartOf":{"@id":"https:\/\/beauty-company-weyhe.de\/#website"},"primaryImageOfPage":{"@id":"https:\/\/beauty-company-weyhe.de\/index.php\/kruuthex\/#primaryimage"},"image":{"@id":"https:\/\/beauty-company-weyhe.de\/index.php\/kruuthex\/#primaryimage"},"thumbnailUrl":"https:\/\/beauty-company-weyhe.de\/wp-content\/uploads\/2023\/09\/kruuthex-150x140.jpg","datePublished":"2023-09-18T10:23:04+00:00","dateModified":"2023-09-18T19:30:17+00:00","breadcrumb":{"@id":"https:\/\/beauty-company-weyhe.de\/index.php\/kruuthex\/#breadcrumb"},"inLanguage":"de","potentialAction":[{"@type":"ReadAction","target":["https:\/\/beauty-company-weyhe.de\/index.php\/kruuthex\/"]}]},{"@type":"ImageObject","inLanguage":"de","@id":"https:\/\/beauty-company-weyhe.de\/index.php\/kruuthex\/#primaryimage","url":"https:\/\/beauty-company-weyhe.de\/wp-content\/uploads\/2023\/09\/kruuthex.jpg","contentUrl":"https:\/\/beauty-company-weyhe.de\/wp-content\/uploads\/2023\/09\/kruuthex.jpg","width":200,"height":140},{"@type":"BreadcrumbList","@id":"https:\/\/beauty-company-weyhe.de\/index.php\/kruuthex\/#breadcrumb","itemListElement":[{"@type":"ListItem","position":1,"name":"Startseite","item":"https:\/\/beauty-company-weyhe.de\/"},{"@type":"ListItem","position":2,"name":"Kruuthex"}]},{"@type":"WebSite","@id":"https:\/\/beauty-company-weyhe.de\/#website","url":"https:\/\/beauty-company-weyhe.de\/","name":"Beauty Company Weyhe","description":"Ob Falten, unreine Haut oder Narbengewebe, die intensive Pflege, Heilung und Gesunderhaltung Ihrer Haut ist unser Spezialgebiet.","publisher":{"@id":"https:\/\/beauty-company-weyhe.de\/#organization"},"potentialAction":[{"@type":"SearchAction","target":{"@type":"EntryPoint","urlTemplate":"https:\/\/beauty-company-weyhe.de\/?s={search_term_string}"},"query-input":{"@type":"PropertyValueSpecification","valueRequired":true,"valueName":"search_term_string"}}],"inLanguage":"de"},{"@type":"Organization","@id":"https:\/\/beauty-company-weyhe.de\/#organization","name":"Beauty Company Weyhe","url":"https:\/\/beauty-company-weyhe.de\/","logo":{"@type":"ImageObject","inLanguage":"de","@id":"https:\/\/beauty-company-weyhe.de\/#\/schema\/logo\/image\/","url":"https:\/\/beauty-company-weyhe.de\/wp-content\/uploads\/2016\/07\/cropped-BCW_Facebook_2.png","contentUrl":"https:\/\/beauty-company-weyhe.de\/wp-content\/uploads\/2016\/07\/cropped-BCW_Facebook_2.png","width":512,"height":512,"caption":"Beauty Company Weyhe"},"image":{"@id":"https:\/\/beauty-company-weyhe.de\/#\/schema\/logo\/image\/"},"sameAs":["https:\/\/www.facebook.com\/beautycompanyweyhe\/"]}]}},"jetpack_sharing_enabled":true,"jetpack_shortlink":"https:\/\/wp.me\/P6t8sO-o8","_links":{"self":[{"href":"https:\/\/beauty-company-weyhe.de\/index.php\/wp-json\/wp\/v2\/pages\/1496","targetHints":{"allow":["GET"]}}],"collection":[{"href":"https:\/\/beauty-company-weyhe.de\/index.php\/wp-json\/wp\/v2\/pages"}],"about":[{"href":"https:\/\/beauty-company-weyhe.de\/index.php\/wp-json\/wp\/v2\/types\/page"}],"author":[{"embeddable":true,"href":"https:\/\/beauty-company-weyhe.de\/index.php\/wp-json\/wp\/v2\/users\/1"}],"replies":[{"embeddable":true,"href":"https:\/\/beauty-company-weyhe.de\/index.php\/wp-json\/wp\/v2\/comments?post=1496"}],"version-history":[{"count":4,"href":"https:\/\/beauty-company-weyhe.de\/index.php\/wp-json\/wp\/v2\/pages\/1496\/revisions"}],"predecessor-version":[{"id":1507,"href":"https:\/\/beauty-company-weyhe.de\/index.php\/wp-json\/wp\/v2\/pages\/1496\/revisions\/1507"}],"wp:attachment":[{"href":"https:\/\/beauty-company-weyhe.de\/index.php\/wp-json\/wp\/v2\/media?parent=1496"}],"curies":[{"name":"wp","href":"https:\/\/api.w.org\/{rel}","templated":true}]}}