{"id":246,"date":"2015-07-27T21:04:26","date_gmt":"2015-07-27T19:04:26","guid":{"rendered":"http:\/\/beauty-company-weyhe.de.w0136ebd.kasserver.com\/?page_id=246"},"modified":"2016-11-15T16:24:13","modified_gmt":"2016-11-15T15:24:13","slug":"aesthetico","status":"publish","type":"page","link":"https:\/\/beauty-company-weyhe.de\/index.php\/aesthetico\/","title":{"rendered":"Aesthetico"},"content":{"rendered":"<h3>Das Beste f\u00fcr Sie ist das Mindeste f\u00fcr uns!<\/h3>\n<p>Unseren Behandlungsmethoden entsprechend legen wir bei der Auswahl unserer Pflegeprodukte h\u00f6chsten Wert auf uneingeschr\u00e4nkte Vertr\u00e4glichkeit. Die Entwicklung aller von uns verwendeten Pr\u00e4parate erfolgt in intensiver Zusammenarbeit mit Haut\u00e4rzten und garantiert damit besonderen Schutz sowie optimale Pflege.<br \/>\n&nbsp;<br \/>\n<strong>Erleben Sie das Pflegeprogramm von AESTHETICO \u2013 aus der dermatologischen Praxis.<\/strong><br \/>\n&nbsp;<br \/>\nF\u00fcr Ihre Haut nur das Beste: Die Pflegeprodukte von AESTHETICO werden gemeinsam mit Haut\u00e4rzten aus der dermatologischen Praxis entwickelt und bieten besonderen Schutz und optimale Pflege.<br \/>\n&nbsp;<br \/>\n<strong&nbsp;>G\u00f6nnen Sie Ihrer Haut ein H\u00f6chstma\u00df an Harmonie.<\/strong><\/p>\n<p>Alles, damit Sie sich in Ihrer Haut wohlf\u00fchlen: Mit harmonisch aufeinander abgestimmten Wirkstoffen unterst\u00fctzt das Pflegeprogramm von AESTHETICO die Gesunderhaltung von Haut und Haaren sowie die Regulierung der Hautfunktionen. Dabei werden nur qualitativ hochwertige Substanzen, die ebenso wirksam wie vertr\u00e4glich sind, z. B. Vitaminkomplexe oder Hyalurons\u00e4ure verwendet.<br \/>\n&nbsp;<br \/>\n<a href=\"https:\/\/beauty-company-weyhe.de.w0136ebd.kasserver.com\/wp-content\/uploads\/2015\/07\/aesthetico_produkte.png\"><img loading=\"lazy\" decoding=\"async\" class=\"aligncenter size-full wp-image-297\" src=\"https:\/\/beauty-company-weyhe.de.w0136ebd.kasserver.com\/wp-content\/uploads\/2015\/07\/aesthetico_produkte.png\" alt=\"aesthetico_produkte\" width=\"400\" height=\"180\" srcset=\"https:\/\/beauty-company-weyhe.de\/wp-content\/uploads\/2015\/07\/aesthetico_produkte.png 400w, https:\/\/beauty-company-weyhe.de\/wp-content\/uploads\/2015\/07\/aesthetico_produkte-300x135.png 300w\" sizes=\"auto, (max-width: 400px) 100vw, 400px\" \/><\/a><br \/>\n&nbsp;<br \/>\n<strong>Genie\u00dfen Sie die t\u00e4gliche Hautpflege mit AESTHETICO.<\/strong><br \/>\n&nbsp;<br \/>\nF\u00fcr jeden Hauttyp das ideale Pflegeprogramm: AESTHETICO-Pflegeprodukte regenerieren und vitalisieren Ihre Haut und sch\u00fctzen Sie vor Umwelteinfl\u00fcssen. Ob Ihre Haut normal oder empfindlich ist, zu Allergien neigt oder den nat\u00fcrlichen Alterungsprozessen ausgesetzt ist, die Pr\u00e4parate eignen sich perfekt f\u00fcr die t\u00e4gliche wie auch f\u00fcr die besondere Pflege, z. B. zur Erg\u00e4nzung von \u00e4sthetischen Verfahren.<br \/>\n&nbsp;<br \/>\n<strong>Verw\u00f6hnen Sie sich mit PURE AESTHETICO.<\/strong><br \/>\n&nbsp;<br \/>\nPURE AESTHETICO ist eine Pflegeserie f\u00fcr die reifere Haut als Erg\u00e4nzung zur klassischen Serie. Dank ihrer sorgf\u00e4ltig ausgew\u00e4hlten Ingredienzen bietet Sie Ihnen ein H\u00f6chstma\u00df an Wirksamkeit und Anwendungssicherheit. Gerne stellen wir Ihnen ein individuelles Pflegeprogramm zusammen.<\/p>\n<hr \/>\n<p><a href=\"https:\/\/beauty-company-weyhe.de.w0136ebd.kasserver.com\/wp-content\/uploads\/2015\/07\/Aesthetico_neuneu.png\"><img loading=\"lazy\" decoding=\"async\" class=\"alignleft wp-image-129\" src=\"https:\/\/beauty-company-weyhe.de.w0136ebd.kasserver.com\/wp-content\/uploads\/2015\/07\/Aesthetico_neuneu.png\" alt=\"\" width=\"150\" height=\"105\" \/><\/a><br \/>\n<strong>Besuchen Sie unseren Partnershop<\/strong><br \/>\nAesthetico &#8211; your skin. our profession<\/p>\n<p><a href=\"http:\/\/www.aesthetico.de\/shop\/index.php?redirect=BeautyCompany\">Aesthetico Shop<\/a><\/p>\n","protected":false},"excerpt":{"rendered":"<p>Das Beste f\u00fcr Sie ist das Mindeste f\u00fcr uns! Unseren Behandlungsmethoden entsprechend legen wir bei der Auswahl unserer Pflegeprodukte h\u00f6chsten Wert auf uneingeschr\u00e4nkte Vertr\u00e4glichkeit. Die Entwicklung aller von uns verwendeten Pr\u00e4parate erfolgt in intensiver Zusammenarbeit mit Haut\u00e4rzten und garantiert damit besonderen Schutz sowie optimale Pflege. &nbsp; Erleben Sie das Pflegeprogramm von AESTHETICO \u2013 aus der [&hellip;]<\/p>\n","protected":false},"author":1,"featured_media":0,"parent":0,"menu_order":0,"comment_status":"closed","ping_status":"closed","template":"","meta":{"jetpack_post_was_ever_published":false,"footnotes":""},"class_list":["post-246","page","type-page","status-publish","czr-hentry"],"yoast_head":"<!-- This site is optimized with the Yoast SEO plugin v27.0 - https:\/\/yoast.com\/product\/yoast-seo-wordpress\/ -->\n<title>Aesthetico - Beauty Company Weyhe<\/title>\n<meta name=\"robots\" content=\"index, follow, max-snippet:-1, max-image-preview:large, max-video-preview:-1\" \/>\n<link rel=\"canonical\" href=\"https:\/\/beauty-company-weyhe.de\/index.php\/aesthetico\/\" \/>\n<meta property=\"og:locale\" content=\"de_DE\" \/>\n<meta property=\"og:type\" content=\"article\" \/>\n<meta property=\"og:title\" content=\"Aesthetico - Beauty Company Weyhe\" \/>\n<meta property=\"og:description\" content=\"Das Beste f\u00fcr Sie ist das Mindeste f\u00fcr uns! Unseren Behandlungsmethoden entsprechend legen wir bei der Auswahl unserer Pflegeprodukte h\u00f6chsten Wert auf uneingeschr\u00e4nkte Vertr\u00e4glichkeit. Die Entwicklung aller von uns verwendeten Pr\u00e4parate erfolgt in intensiver Zusammenarbeit mit Haut\u00e4rzten und garantiert damit besonderen Schutz sowie optimale Pflege. &nbsp; Erleben Sie das Pflegeprogramm von AESTHETICO \u2013 aus der [&hellip;]\" \/>\n<meta property=\"og:url\" content=\"https:\/\/beauty-company-weyhe.de\/index.php\/aesthetico\/\" \/>\n<meta property=\"og:site_name\" content=\"Beauty Company Weyhe\" \/>\n<meta property=\"article:publisher\" content=\"https:\/\/www.facebook.com\/beautycompanyweyhe\/\" \/>\n<meta property=\"article:modified_time\" content=\"2016-11-15T15:24:13+00:00\" \/>\n<meta property=\"og:image\" content=\"https:\/\/beauty-company-weyhe.de.w0136ebd.kasserver.com\/wp-content\/uploads\/2015\/07\/aesthetico_produkte.png\" \/>\n<meta name=\"twitter:card\" content=\"summary_large_image\" \/>\n<meta name=\"twitter:label1\" content=\"Gesch\u00e4tzte Lesezeit\" \/>\n\t<meta name=\"twitter:data1\" content=\"1\u00a0Minute\" \/>\n<script type=\"application\/ld+json\" class=\"yoast-schema-graph\">{\"@context\":\"https:\/\/schema.org\",\"@graph\":[{\"@type\":\"WebPage\",\"@id\":\"https:\/\/beauty-company-weyhe.de\/index.php\/aesthetico\/\",\"url\":\"https:\/\/beauty-company-weyhe.de\/index.php\/aesthetico\/\",\"name\":\"Aesthetico - Beauty Company Weyhe\",\"isPartOf\":{\"@id\":\"https:\/\/beauty-company-weyhe.de\/#website\"},\"primaryImageOfPage\":{\"@id\":\"https:\/\/beauty-company-weyhe.de\/index.php\/aesthetico\/#primaryimage\"},\"image\":{\"@id\":\"https:\/\/beauty-company-weyhe.de\/index.php\/aesthetico\/#primaryimage\"},\"thumbnailUrl\":\"https:\/\/beauty-company-weyhe.de.w0136ebd.kasserver.com\/wp-content\/uploads\/2015\/07\/aesthetico_produkte.png\",\"datePublished\":\"2015-07-27T19:04:26+00:00\",\"dateModified\":\"2016-11-15T15:24:13+00:00\",\"breadcrumb\":{\"@id\":\"https:\/\/beauty-company-weyhe.de\/index.php\/aesthetico\/#breadcrumb\"},\"inLanguage\":\"de\",\"potentialAction\":[{\"@type\":\"ReadAction\",\"target\":[\"https:\/\/beauty-company-weyhe.de\/index.php\/aesthetico\/\"]}]},{\"@type\":\"ImageObject\",\"inLanguage\":\"de\",\"@id\":\"https:\/\/beauty-company-weyhe.de\/index.php\/aesthetico\/#primaryimage\",\"url\":\"https:\/\/beauty-company-weyhe.de.w0136ebd.kasserver.com\/wp-content\/uploads\/2015\/07\/aesthetico_produkte.png\",\"contentUrl\":\"https:\/\/beauty-company-weyhe.de.w0136ebd.kasserver.com\/wp-content\/uploads\/2015\/07\/aesthetico_produkte.png\"},{\"@type\":\"BreadcrumbList\",\"@id\":\"https:\/\/beauty-company-weyhe.de\/index.php\/aesthetico\/#breadcrumb\",\"itemListElement\":[{\"@type\":\"ListItem\",\"position\":1,\"name\":\"Startseite\",\"item\":\"https:\/\/beauty-company-weyhe.de\/\"},{\"@type\":\"ListItem\",\"position\":2,\"name\":\"Aesthetico\"}]},{\"@type\":\"WebSite\",\"@id\":\"https:\/\/beauty-company-weyhe.de\/#website\",\"url\":\"https:\/\/beauty-company-weyhe.de\/\",\"name\":\"Beauty Company Weyhe\",\"description\":\"Ob Falten, unreine Haut oder Narbengewebe, die intensive Pflege, Heilung und Gesunderhaltung Ihrer Haut ist unser Spezialgebiet.\",\"publisher\":{\"@id\":\"https:\/\/beauty-company-weyhe.de\/#organization\"},\"potentialAction\":[{\"@type\":\"SearchAction\",\"target\":{\"@type\":\"EntryPoint\",\"urlTemplate\":\"https:\/\/beauty-company-weyhe.de\/?s={search_term_string}\"},\"query-input\":{\"@type\":\"PropertyValueSpecification\",\"valueRequired\":true,\"valueName\":\"search_term_string\"}}],\"inLanguage\":\"de\"},{\"@type\":\"Organization\",\"@id\":\"https:\/\/beauty-company-weyhe.de\/#organization\",\"name\":\"Beauty Company Weyhe\",\"url\":\"https:\/\/beauty-company-weyhe.de\/\",\"logo\":{\"@type\":\"ImageObject\",\"inLanguage\":\"de\",\"@id\":\"https:\/\/beauty-company-weyhe.de\/#\/schema\/logo\/image\/\",\"url\":\"https:\/\/beauty-company-weyhe.de\/wp-content\/uploads\/2016\/07\/cropped-BCW_Facebook_2.png\",\"contentUrl\":\"https:\/\/beauty-company-weyhe.de\/wp-content\/uploads\/2016\/07\/cropped-BCW_Facebook_2.png\",\"width\":512,\"height\":512,\"caption\":\"Beauty Company Weyhe\"},\"image\":{\"@id\":\"https:\/\/beauty-company-weyhe.de\/#\/schema\/logo\/image\/\"},\"sameAs\":[\"https:\/\/www.facebook.com\/beautycompanyweyhe\/\"]}]}<\/script>\n<!-- \/ Yoast SEO plugin. -->","yoast_head_json":{"title":"Aesthetico - Beauty Company Weyhe","robots":{"index":"index","follow":"follow","max-snippet":"max-snippet:-1","max-image-preview":"max-image-preview:large","max-video-preview":"max-video-preview:-1"},"canonical":"https:\/\/beauty-company-weyhe.de\/index.php\/aesthetico\/","og_locale":"de_DE","og_type":"article","og_title":"Aesthetico - Beauty Company Weyhe","og_description":"Das Beste f\u00fcr Sie ist das Mindeste f\u00fcr uns! Unseren Behandlungsmethoden entsprechend legen wir bei der Auswahl unserer Pflegeprodukte h\u00f6chsten Wert auf uneingeschr\u00e4nkte Vertr\u00e4glichkeit. Die Entwicklung aller von uns verwendeten Pr\u00e4parate erfolgt in intensiver Zusammenarbeit mit Haut\u00e4rzten und garantiert damit besonderen Schutz sowie optimale Pflege. &nbsp; Erleben Sie das Pflegeprogramm von AESTHETICO \u2013 aus der [&hellip;]","og_url":"https:\/\/beauty-company-weyhe.de\/index.php\/aesthetico\/","og_site_name":"Beauty Company Weyhe","article_publisher":"https:\/\/www.facebook.com\/beautycompanyweyhe\/","article_modified_time":"2016-11-15T15:24:13+00:00","og_image":[{"url":"https:\/\/beauty-company-weyhe.de.w0136ebd.kasserver.com\/wp-content\/uploads\/2015\/07\/aesthetico_produkte.png","type":"","width":"","height":""}],"twitter_card":"summary_large_image","twitter_misc":{"Gesch\u00e4tzte Lesezeit":"1\u00a0Minute"},"schema":{"@context":"https:\/\/schema.org","@graph":[{"@type":"WebPage","@id":"https:\/\/beauty-company-weyhe.de\/index.php\/aesthetico\/","url":"https:\/\/beauty-company-weyhe.de\/index.php\/aesthetico\/","name":"Aesthetico - Beauty Company Weyhe","isPartOf":{"@id":"https:\/\/beauty-company-weyhe.de\/#website"},"primaryImageOfPage":{"@id":"https:\/\/beauty-company-weyhe.de\/index.php\/aesthetico\/#primaryimage"},"image":{"@id":"https:\/\/beauty-company-weyhe.de\/index.php\/aesthetico\/#primaryimage"},"thumbnailUrl":"https:\/\/beauty-company-weyhe.de.w0136ebd.kasserver.com\/wp-content\/uploads\/2015\/07\/aesthetico_produkte.png","datePublished":"2015-07-27T19:04:26+00:00","dateModified":"2016-11-15T15:24:13+00:00","breadcrumb":{"@id":"https:\/\/beauty-company-weyhe.de\/index.php\/aesthetico\/#breadcrumb"},"inLanguage":"de","potentialAction":[{"@type":"ReadAction","target":["https:\/\/beauty-company-weyhe.de\/index.php\/aesthetico\/"]}]},{"@type":"ImageObject","inLanguage":"de","@id":"https:\/\/beauty-company-weyhe.de\/index.php\/aesthetico\/#primaryimage","url":"https:\/\/beauty-company-weyhe.de.w0136ebd.kasserver.com\/wp-content\/uploads\/2015\/07\/aesthetico_produkte.png","contentUrl":"https:\/\/beauty-company-weyhe.de.w0136ebd.kasserver.com\/wp-content\/uploads\/2015\/07\/aesthetico_produkte.png"},{"@type":"BreadcrumbList","@id":"https:\/\/beauty-company-weyhe.de\/index.php\/aesthetico\/#breadcrumb","itemListElement":[{"@type":"ListItem","position":1,"name":"Startseite","item":"https:\/\/beauty-company-weyhe.de\/"},{"@type":"ListItem","position":2,"name":"Aesthetico"}]},{"@type":"WebSite","@id":"https:\/\/beauty-company-weyhe.de\/#website","url":"https:\/\/beauty-company-weyhe.de\/","name":"Beauty Company Weyhe","description":"Ob Falten, unreine Haut oder Narbengewebe, die intensive Pflege, Heilung und Gesunderhaltung Ihrer Haut ist unser Spezialgebiet.","publisher":{"@id":"https:\/\/beauty-company-weyhe.de\/#organization"},"potentialAction":[{"@type":"SearchAction","target":{"@type":"EntryPoint","urlTemplate":"https:\/\/beauty-company-weyhe.de\/?s={search_term_string}"},"query-input":{"@type":"PropertyValueSpecification","valueRequired":true,"valueName":"search_term_string"}}],"inLanguage":"de"},{"@type":"Organization","@id":"https:\/\/beauty-company-weyhe.de\/#organization","name":"Beauty Company Weyhe","url":"https:\/\/beauty-company-weyhe.de\/","logo":{"@type":"ImageObject","inLanguage":"de","@id":"https:\/\/beauty-company-weyhe.de\/#\/schema\/logo\/image\/","url":"https:\/\/beauty-company-weyhe.de\/wp-content\/uploads\/2016\/07\/cropped-BCW_Facebook_2.png","contentUrl":"https:\/\/beauty-company-weyhe.de\/wp-content\/uploads\/2016\/07\/cropped-BCW_Facebook_2.png","width":512,"height":512,"caption":"Beauty Company Weyhe"},"image":{"@id":"https:\/\/beauty-company-weyhe.de\/#\/schema\/logo\/image\/"},"sameAs":["https:\/\/www.facebook.com\/beautycompanyweyhe\/"]}]}},"jetpack_sharing_enabled":true,"jetpack_shortlink":"https:\/\/wp.me\/P6t8sO-3Y","_links":{"self":[{"href":"https:\/\/beauty-company-weyhe.de\/index.php\/wp-json\/wp\/v2\/pages\/246","targetHints":{"allow":["GET"]}}],"collection":[{"href":"https:\/\/beauty-company-weyhe.de\/index.php\/wp-json\/wp\/v2\/pages"}],"about":[{"href":"https:\/\/beauty-company-weyhe.de\/index.php\/wp-json\/wp\/v2\/types\/page"}],"author":[{"embeddable":true,"href":"https:\/\/beauty-company-weyhe.de\/index.php\/wp-json\/wp\/v2\/users\/1"}],"replies":[{"embeddable":true,"href":"https:\/\/beauty-company-weyhe.de\/index.php\/wp-json\/wp\/v2\/comments?post=246"}],"version-history":[{"count":6,"href":"https:\/\/beauty-company-weyhe.de\/index.php\/wp-json\/wp\/v2\/pages\/246\/revisions"}],"predecessor-version":[{"id":298,"href":"https:\/\/beauty-company-weyhe.de\/index.php\/wp-json\/wp\/v2\/pages\/246\/revisions\/298"}],"wp:attachment":[{"href":"https:\/\/beauty-company-weyhe.de\/index.php\/wp-json\/wp\/v2\/media?parent=246"}],"curies":[{"name":"wp","href":"https:\/\/api.w.org\/{rel}","templated":true}]}}