{"id":34,"date":"2015-07-13T21:09:29","date_gmt":"2015-07-13T19:09:29","guid":{"rendered":"http:\/\/beauty-company-weyhe.de.w0136ebd.kasserver.com\/?page_id=34"},"modified":"2016-11-15T16:28:49","modified_gmt":"2016-11-15T15:28:49","slug":"microdermabrasion","status":"publish","type":"page","link":"https:\/\/beauty-company-weyhe.de\/index.php\/microdermabrasion\/","title":{"rendered":"Microdermabrasion"},"content":{"rendered":"<p><strong><span style=\"color: #08c;\">Diamant-Microdermabrasion<\/span><\/strong><br \/>\n&nbsp;<br \/>\nDie Diamant-Microdermabrasion ist ein hochwirksames Verfahren der Hauterneuerung, bei der die oberste Hautschicht mithilfe eines speziellen Ger\u00e4tes sanft abgetragen wird. Unser Ger\u00e4t verf\u00fcgt \u00fcber lasergeschliffene, hypoallergene Diamantaufs\u00e4tze, mit der Ihre Haut zu einer Zellneubildung angeregt wird&#8230; <a href=\"https:\/\/beauty-company-weyhe.de\/index.php\/diamant-microdermabrasion\/\"><strong>zur Seite<\/strong><\/a><br \/>\n&nbsp;<br \/>\n<strong><span style=\"color: #08c;\">Narbenbehandlung<\/span><\/strong><br \/>\n&nbsp;<br \/>\nKleinere oder gr\u00f6\u00dfere Verletzungen sind mehr oder minder allt\u00e4glich. Sie geschehen durch Unf\u00e4lle, Operationen, Verbrennungen oder Unachtsamkeiten. Aus jeder der erlittenen Wunden kann eine st\u00f6rende Narbe werden&#8230; <a href=\"https:\/\/beauty-company-weyhe.de\/index.php\/narbenbehandlung\/\"><strong>zur Seite<\/strong><\/a><\/p>\n","protected":false},"excerpt":{"rendered":"<p>Diamant-Microdermabrasion &nbsp; Die Diamant-Microdermabrasion ist ein hochwirksames Verfahren der Hauterneuerung, bei der die oberste Hautschicht mithilfe eines speziellen Ger\u00e4tes sanft abgetragen wird. Unser Ger\u00e4t verf\u00fcgt \u00fcber lasergeschliffene, hypoallergene Diamantaufs\u00e4tze, mit der Ihre Haut zu einer Zellneubildung angeregt wird&#8230; zur Seite &nbsp; Narbenbehandlung &nbsp; Kleinere oder gr\u00f6\u00dfere Verletzungen sind mehr oder minder allt\u00e4glich. Sie geschehen durch [&hellip;]<\/p>\n","protected":false},"author":1,"featured_media":0,"parent":0,"menu_order":0,"comment_status":"closed","ping_status":"closed","template":"","meta":{"jetpack_post_was_ever_published":false,"footnotes":""},"class_list":["post-34","page","type-page","status-publish","czr-hentry"],"yoast_head":"<!-- This site is optimized with the Yoast SEO plugin v27.0 - https:\/\/yoast.com\/product\/yoast-seo-wordpress\/ -->\n<title>Microdermabrasion - Beauty Company Weyhe<\/title>\n<meta name=\"robots\" content=\"index, follow, max-snippet:-1, max-image-preview:large, max-video-preview:-1\" \/>\n<link rel=\"canonical\" href=\"https:\/\/beauty-company-weyhe.de\/index.php\/microdermabrasion\/\" \/>\n<meta property=\"og:locale\" content=\"de_DE\" \/>\n<meta property=\"og:type\" content=\"article\" \/>\n<meta property=\"og:title\" content=\"Microdermabrasion - Beauty Company Weyhe\" \/>\n<meta property=\"og:description\" content=\"Diamant-Microdermabrasion &nbsp; Die Diamant-Microdermabrasion ist ein hochwirksames Verfahren der Hauterneuerung, bei der die oberste Hautschicht mithilfe eines speziellen Ger\u00e4tes sanft abgetragen wird. Unser Ger\u00e4t verf\u00fcgt \u00fcber lasergeschliffene, hypoallergene Diamantaufs\u00e4tze, mit der Ihre Haut zu einer Zellneubildung angeregt wird&#8230; zur Seite &nbsp; Narbenbehandlung &nbsp; Kleinere oder gr\u00f6\u00dfere Verletzungen sind mehr oder minder allt\u00e4glich. Sie geschehen durch [&hellip;]\" \/>\n<meta property=\"og:url\" content=\"https:\/\/beauty-company-weyhe.de\/index.php\/microdermabrasion\/\" \/>\n<meta property=\"og:site_name\" content=\"Beauty Company Weyhe\" \/>\n<meta property=\"article:publisher\" content=\"https:\/\/www.facebook.com\/beautycompanyweyhe\/\" \/>\n<meta property=\"article:modified_time\" content=\"2016-11-15T15:28:49+00:00\" \/>\n<meta name=\"twitter:card\" content=\"summary_large_image\" \/>\n<script type=\"application\/ld+json\" class=\"yoast-schema-graph\">{\"@context\":\"https:\/\/schema.org\",\"@graph\":[{\"@type\":\"WebPage\",\"@id\":\"https:\/\/beauty-company-weyhe.de\/index.php\/microdermabrasion\/\",\"url\":\"https:\/\/beauty-company-weyhe.de\/index.php\/microdermabrasion\/\",\"name\":\"Microdermabrasion - Beauty Company Weyhe\",\"isPartOf\":{\"@id\":\"https:\/\/beauty-company-weyhe.de\/#website\"},\"datePublished\":\"2015-07-13T19:09:29+00:00\",\"dateModified\":\"2016-11-15T15:28:49+00:00\",\"breadcrumb\":{\"@id\":\"https:\/\/beauty-company-weyhe.de\/index.php\/microdermabrasion\/#breadcrumb\"},\"inLanguage\":\"de\",\"potentialAction\":[{\"@type\":\"ReadAction\",\"target\":[\"https:\/\/beauty-company-weyhe.de\/index.php\/microdermabrasion\/\"]}]},{\"@type\":\"BreadcrumbList\",\"@id\":\"https:\/\/beauty-company-weyhe.de\/index.php\/microdermabrasion\/#breadcrumb\",\"itemListElement\":[{\"@type\":\"ListItem\",\"position\":1,\"name\":\"Startseite\",\"item\":\"https:\/\/beauty-company-weyhe.de\/\"},{\"@type\":\"ListItem\",\"position\":2,\"name\":\"Microdermabrasion\"}]},{\"@type\":\"WebSite\",\"@id\":\"https:\/\/beauty-company-weyhe.de\/#website\",\"url\":\"https:\/\/beauty-company-weyhe.de\/\",\"name\":\"Beauty Company Weyhe\",\"description\":\"Ob Falten, unreine Haut oder Narbengewebe, die intensive Pflege, Heilung und Gesunderhaltung Ihrer Haut ist unser Spezialgebiet.\",\"publisher\":{\"@id\":\"https:\/\/beauty-company-weyhe.de\/#organization\"},\"potentialAction\":[{\"@type\":\"SearchAction\",\"target\":{\"@type\":\"EntryPoint\",\"urlTemplate\":\"https:\/\/beauty-company-weyhe.de\/?s={search_term_string}\"},\"query-input\":{\"@type\":\"PropertyValueSpecification\",\"valueRequired\":true,\"valueName\":\"search_term_string\"}}],\"inLanguage\":\"de\"},{\"@type\":\"Organization\",\"@id\":\"https:\/\/beauty-company-weyhe.de\/#organization\",\"name\":\"Beauty Company Weyhe\",\"url\":\"https:\/\/beauty-company-weyhe.de\/\",\"logo\":{\"@type\":\"ImageObject\",\"inLanguage\":\"de\",\"@id\":\"https:\/\/beauty-company-weyhe.de\/#\/schema\/logo\/image\/\",\"url\":\"https:\/\/beauty-company-weyhe.de\/wp-content\/uploads\/2016\/07\/cropped-BCW_Facebook_2.png\",\"contentUrl\":\"https:\/\/beauty-company-weyhe.de\/wp-content\/uploads\/2016\/07\/cropped-BCW_Facebook_2.png\",\"width\":512,\"height\":512,\"caption\":\"Beauty Company Weyhe\"},\"image\":{\"@id\":\"https:\/\/beauty-company-weyhe.de\/#\/schema\/logo\/image\/\"},\"sameAs\":[\"https:\/\/www.facebook.com\/beautycompanyweyhe\/\"]}]}<\/script>\n<!-- \/ Yoast SEO plugin. -->","yoast_head_json":{"title":"Microdermabrasion - Beauty Company Weyhe","robots":{"index":"index","follow":"follow","max-snippet":"max-snippet:-1","max-image-preview":"max-image-preview:large","max-video-preview":"max-video-preview:-1"},"canonical":"https:\/\/beauty-company-weyhe.de\/index.php\/microdermabrasion\/","og_locale":"de_DE","og_type":"article","og_title":"Microdermabrasion - Beauty Company Weyhe","og_description":"Diamant-Microdermabrasion &nbsp; Die Diamant-Microdermabrasion ist ein hochwirksames Verfahren der Hauterneuerung, bei der die oberste Hautschicht mithilfe eines speziellen Ger\u00e4tes sanft abgetragen wird. Unser Ger\u00e4t verf\u00fcgt \u00fcber lasergeschliffene, hypoallergene Diamantaufs\u00e4tze, mit der Ihre Haut zu einer Zellneubildung angeregt wird&#8230; zur Seite &nbsp; Narbenbehandlung &nbsp; Kleinere oder gr\u00f6\u00dfere Verletzungen sind mehr oder minder allt\u00e4glich. Sie geschehen durch [&hellip;]","og_url":"https:\/\/beauty-company-weyhe.de\/index.php\/microdermabrasion\/","og_site_name":"Beauty Company Weyhe","article_publisher":"https:\/\/www.facebook.com\/beautycompanyweyhe\/","article_modified_time":"2016-11-15T15:28:49+00:00","twitter_card":"summary_large_image","schema":{"@context":"https:\/\/schema.org","@graph":[{"@type":"WebPage","@id":"https:\/\/beauty-company-weyhe.de\/index.php\/microdermabrasion\/","url":"https:\/\/beauty-company-weyhe.de\/index.php\/microdermabrasion\/","name":"Microdermabrasion - Beauty Company Weyhe","isPartOf":{"@id":"https:\/\/beauty-company-weyhe.de\/#website"},"datePublished":"2015-07-13T19:09:29+00:00","dateModified":"2016-11-15T15:28:49+00:00","breadcrumb":{"@id":"https:\/\/beauty-company-weyhe.de\/index.php\/microdermabrasion\/#breadcrumb"},"inLanguage":"de","potentialAction":[{"@type":"ReadAction","target":["https:\/\/beauty-company-weyhe.de\/index.php\/microdermabrasion\/"]}]},{"@type":"BreadcrumbList","@id":"https:\/\/beauty-company-weyhe.de\/index.php\/microdermabrasion\/#breadcrumb","itemListElement":[{"@type":"ListItem","position":1,"name":"Startseite","item":"https:\/\/beauty-company-weyhe.de\/"},{"@type":"ListItem","position":2,"name":"Microdermabrasion"}]},{"@type":"WebSite","@id":"https:\/\/beauty-company-weyhe.de\/#website","url":"https:\/\/beauty-company-weyhe.de\/","name":"Beauty Company Weyhe","description":"Ob Falten, unreine Haut oder Narbengewebe, die intensive Pflege, Heilung und Gesunderhaltung Ihrer Haut ist unser Spezialgebiet.","publisher":{"@id":"https:\/\/beauty-company-weyhe.de\/#organization"},"potentialAction":[{"@type":"SearchAction","target":{"@type":"EntryPoint","urlTemplate":"https:\/\/beauty-company-weyhe.de\/?s={search_term_string}"},"query-input":{"@type":"PropertyValueSpecification","valueRequired":true,"valueName":"search_term_string"}}],"inLanguage":"de"},{"@type":"Organization","@id":"https:\/\/beauty-company-weyhe.de\/#organization","name":"Beauty Company Weyhe","url":"https:\/\/beauty-company-weyhe.de\/","logo":{"@type":"ImageObject","inLanguage":"de","@id":"https:\/\/beauty-company-weyhe.de\/#\/schema\/logo\/image\/","url":"https:\/\/beauty-company-weyhe.de\/wp-content\/uploads\/2016\/07\/cropped-BCW_Facebook_2.png","contentUrl":"https:\/\/beauty-company-weyhe.de\/wp-content\/uploads\/2016\/07\/cropped-BCW_Facebook_2.png","width":512,"height":512,"caption":"Beauty Company Weyhe"},"image":{"@id":"https:\/\/beauty-company-weyhe.de\/#\/schema\/logo\/image\/"},"sameAs":["https:\/\/www.facebook.com\/beautycompanyweyhe\/"]}]}},"jetpack_sharing_enabled":true,"jetpack_shortlink":"https:\/\/wp.me\/P6t8sO-y","_links":{"self":[{"href":"https:\/\/beauty-company-weyhe.de\/index.php\/wp-json\/wp\/v2\/pages\/34","targetHints":{"allow":["GET"]}}],"collection":[{"href":"https:\/\/beauty-company-weyhe.de\/index.php\/wp-json\/wp\/v2\/pages"}],"about":[{"href":"https:\/\/beauty-company-weyhe.de\/index.php\/wp-json\/wp\/v2\/types\/page"}],"author":[{"embeddable":true,"href":"https:\/\/beauty-company-weyhe.de\/index.php\/wp-json\/wp\/v2\/users\/1"}],"replies":[{"embeddable":true,"href":"https:\/\/beauty-company-weyhe.de\/index.php\/wp-json\/wp\/v2\/comments?post=34"}],"version-history":[{"count":7,"href":"https:\/\/beauty-company-weyhe.de\/index.php\/wp-json\/wp\/v2\/pages\/34\/revisions"}],"predecessor-version":[{"id":631,"href":"https:\/\/beauty-company-weyhe.de\/index.php\/wp-json\/wp\/v2\/pages\/34\/revisions\/631"}],"wp:attachment":[{"href":"https:\/\/beauty-company-weyhe.de\/index.php\/wp-json\/wp\/v2\/media?parent=34"}],"curies":[{"name":"wp","href":"https:\/\/api.w.org\/{rel}","templated":true}]}}